3872 - 38355. Is n a prime number?
False
Let c be (416 - -1)*(25 - 34). Let a = -1600 - c. Is a prime?
True
Let x(t) = 58*t - 54. Let i(p) = 60*p - 53. Let c(d) = -5*i(d) + 6*x(d). Is c(14) prime?
True
Let r be (-6)/(-5 + (-6326)/(-1266)). Let g = 2908 - r. Is g a prime number?
True
Let r(n) = -n**3 + 12*n**2 - 18*n - 14. Let g be r(10). Let b = 11 - g. Suppose 3*q + b*a - 11 = -0*a, 0 = -3*q - 4*a + 10. Is q composite?
False
Let b(i) = -11*i**3 + 3*i**2 - 20*i - 11. Suppose 56 + 21 = -11*z. Is b(z) a composite number?
False
Let l be (-33 - 7)*276/(-10). Suppose -l = a + 5*a. Let h = a - -833. Is h prime?
False
Let v(p) = 3*p - 6. Let d be v(3). Suppose z - 18*b = -19*b + 1008, -b - 3028 = -d*z. Is z a prime number?
True
Let d be 15/9*3*(-183048)/(-145). Let a = -3841 + d. Is a a composite number?
True
Let c = 2563 - -2583. Let s = c - 2405. Is s composite?
False
Let z(b) = 158411*b**3 + 8*b**2 - 13*b + 5. Is z(1) a composite number?
True
Is (-1138612)/(-14) + (-14)/(882/27) prime?
False
Suppose -5 = -5*t, 4*x + 21*t - 485330 = 23*t. Is x composite?
False
Let d(r) = -57*r - 15. Let n be 21/(-3) + (-1)/(-1) + 0. Let q be d(n). Suppose -q + 2086 = l. Is l prime?
True
Suppose -3*b + b = a - 986, -493 = -b + 5*a. Suppose 5*c + 3*m + 517 = 0, m - 4*m = -5*c - b. Let h = 354 + c. Is h composite?
True
Let w = -32 - -21. Let j be (-338)/(-2) + (-2)/(6 + -4). Let m = j + w. Is m prime?
True
Let v = 552557 - 317724. Is v composite?
False
Is (3710/385)/53 + -8705497*(-1)/11 composite?
True
Suppose h = 8*a - 6*a + 3, -13 = -2*h - 3*a. Is 14122 - h - (7 - 7) composite?
True
Let l(j) = -4246*j**3 + 6*j**2 - 197*j - 1490. Is l(-7) composite?
False
Suppose -v + 5*k + 164973 = 3*k, 2*v - 329940 = k. Is v a composite number?
True
Suppose 0 = 271*u - 198241783 - 122231706. Is u prime?
False
Is (-2)/(-6) - (50518/(-4))/((-63)/(-168)) composite?
False
Let f = -21315 - -31216. Is f composite?
False
Suppose 4*i = 2*y + 780, -4*y + 772 = 4*i - 2*y. Let p = i - -2643. Is p composite?
False
Is -7 + (-8)/(-24)*623148 composite?
False
Suppose 3*z - 4*z - 17*z = 0. Suppose z = 12*q - 14473 - 3947. Is q composite?
True
Suppose -220*c + 180485 + 1122135 = 0. Is c a composite number?
True
Let s be (111 - 4) + 3 - (-1 + 2). Let a = s + 378. Is a prime?
True
Let c(p) = -3*p**2 - 6*p - 7. Let f be c(-5). Let d = 41 + f. Is 5321*2 - (d - -8) prime?
False
Let s(m) = 20*m**3 + 4*m**2 + 63*m. Let c be s(-11). Let y = -14503 - c. Is y a prime number?
False
Suppose 57*k + 1114024 - 1504221 = 2226388. Is k a composite number?
True
Is 1*5/(-30) + (-27287729)/(-138) composite?
True
Is (-6)/(-48)*-6*-2*(-5587570)/(-15) composite?
False
Let n(j) = -1890*j - 15. Suppose 5*r = -5*k - 40, 2*r + 3 = -r. Let o be n(k). Is o/35 + (-16)/28 a composite number?
True
Let x be 6/4 - (-126)/36. Suppose 0 = -x*c + 5*d + 4570, 2*d + 4080 = 3*c + 1341. Is c a composite number?
False
Let k(d) = 3*d**3 + 25*d**2 + 8*d + 3. Let q be k(-8). Suppose -v = q*g - 895, -6*v + 2*v = -5*g - 3648. Is v composite?
False
Suppose -39*t + 9 = -43*t + n, -t - 15 = 4*n. Let l(r) = 268*r**2 - r + 19. Is l(t) a composite number?
True
Suppose 4*g - 31757 = -5*n, -11*n + 4*g + 38082 = -5*n. Is n a prime number?
False
Let z(x) be the second derivative of -14*x - 35/2*x**2 + 0 + 367/3*x**3. Is z(3) composite?
True
Let s = -9821 + 5938. Let u = s - -15734. Is u a prime number?
False
Suppose 56892 = 5*k + 4*g, -5*k + g = -k - 45501. Suppose t + 3191 - k = 0. Is t a prime number?
False
Suppose -5*l + 0 = -4*h - 284, l = -5*h + 51. Let w = 65 - l. Is -1 + w*1376/12 composite?
False
Let f(t) = 3003*t + 895. Is f(22) composite?
True
Let f(d) = -27*d**2 - d + 7919. Suppose 4*w + 4*p = 16, -5*p + 8 + 12 = -w. Is f(w) a composite number?
False
Suppose 2075067 = 67*y + 805618. Is y a composite number?
False
Is 112/48*-3 + 57*613 composite?
True
Suppose 2*r = 39*f - 34*f + 86061, 4*r = 4*f + 172104. Is r composite?
True
Let m(s) = -62*s - 21. Let h(c) = -c**2 + 13*c - 14. Let y be h(11). Let b = -27 + y. Is m(b) composite?
True
Let m = 79 + -76. Suppose m*r - 11*r = -1576. Suppose 2*a + 5*k = r, -5*a - k = -3*a - 217. Is a prime?
False
Let x = 1 - -9. Suppose -3*t + x*t = -15162. Let m = t + 3805. Is m a composite number?
True
Let b(q) = 220*q**3 - 15*q**2 + 24*q + 12. Is b(5) composite?
True
Let d = 1603 - 936. Suppose -48*r + 45*r + d = o, 3*o + 898 = 4*r. Is r a prime number?
True
Suppose 0 = a - 11*a - 13660. Let t = -3367 + 5926. Let d = a + t. Is d a composite number?
False
Is (-10)/30*45 + 269134 a composite number?
True
Let d(m) = -17*m**2 - 7*m - 7. Let u be d(-6). Let h = 1848 + u. Is h prime?
False
Suppose -116 = -40*p + 4. Let z = -200 - -1423. Is 2/6 - (-1 - z/p) composite?
False
Suppose 0 = a + 3*a - 1382 - 2294. Is a a prime number?
True
Let a = -183916 + 333263. Is a a prime number?
False
Suppose -11*b + 9*b + 38 = 4*h, 0 = h + 2*b - 14. Suppose -h*t + 34118 = 6*t. Is t a composite number?
False
Let h(y) be the third derivative of -1/6*y**4 + 0 - 1/2*y**3 + 21/20*y**5 + 0*y - 28*y**2. Is h(-2) a prime number?
True
Let q(m) = -5*m + 62. Let x be q(13). Is (-11)/(-33) + (-1)/(x/1568) composite?
False
Let d(t) = 10*t - 4. Let s be (-30)/8 - -1 - (-1)/(-4). Let j(y) = 20*y - 8. Let n(k) = s*j(k) + 5*d(k). Is n(-1) a composite number?
True
Suppose -2*i - 19814815 = -39*i + 18*i. Is i composite?
True
Let m be (27/2)/((-225)/80 + 3). Is (-154792)/(-14) - m/(-168) prime?
True
Let q(v) = 4*v**3 + 23*v**2 + 6*v + 86. Let h be q(-6). Let d(j) = -2*j - 2*j + 5*j**2 - 3 - 2. Is d(h) a prime number?
True
Let t(i) = -32*i**3 - 40*i**3 + 9 + 73*i**3 + 6*i - 7*i**2. Let g be t(6). Suppose g*p = 11*p - 2438. Is p composite?
True
Suppose -49*f + 17 = -44*f + y, y + 7 = f. Suppose 2*i - 10879 = 5*c, f*i - 21751 = -0*c + 3*c. Is i composite?
False
Let m(g) = -g**3 + 7*g**2 + 4*g - 9. Let o = 95 + -99. Let w be o/(24/(-21))*2. Is m(w) a composite number?
False
Suppose -71*u + 1648782 + 2402520 + 2941133 = 0. Is u a composite number?
True
Suppose -3*g - 2812438 = -5*h, 2*h - 124*g - 1124941 = -119*g. Is h prime?
True
Suppose -4*y = -y - 6. Suppose 5*z = 4*o - 57187, -4*z = -2*o - y*z + 28592. Is o prime?
True
Let z = -875 - -888. Is -1 + 1 - (-285 - z) a prime number?
False
Let n(k) be the first derivative of 28*k**2 + 8*k + 17. Let a be n(-5). Let d = 450 + a. Is d a composite number?
True
Suppose -71*c + 1426470 = 39*c - 8*c. Is c composite?
True
Suppose -30*i + 5*y = -23*i - 2989237, y = 6*i - 2562190. Is i prime?
False
Let q(f) = -2*f - 7. Let a(h) = -h - 3. Let w be a(-3). Let t be q(w). Is t - (-5 - 193) - (-1 + 1) composite?
False
Suppose -10*c + 0*c + 170 = 0. Suppose -c*j + 16*j + 3*a + 1993 = 0, -5*a = -3*j + 5971. Is j a prime number?
True
Let t = 122609 + 54770. Is t a prime number?
True
Let d = 54700 - 23987. Is d prime?
True
Let u(f) = -277*f**2 - 22*f - 54. Let m be u(-9). Let k = -10096 - m. Is k prime?
True
Let m = 7 - 4. Let x be 7 + -4 + m + -2. Is (18/(-27))/(x/(-426)) composite?
False
Suppose 12*x - 13129 = 141971. Suppose 3*q = 3596 + x. Is q a composite number?
False
Suppose 0 = -11*l + 13*l - 8. Suppose 90 = 12*u - 2*u. Suppose 0*y + l*y = -k + 56, k = y - u. Is y a prime number?
True
Let f(i) = -19319*i**3 + i**2 - 7*i - 9. Let o be f(-2). Suppose 4*a - o = -7*a. Is a a composite number?
False
Suppose t + 2*t = -4*h + 17505, 3*h + 9 = 0. Is t composite?
False
Suppose 97864 = -15*v + 28*v. Suppose 43634 = 14*p + v. Is p prime?
True
Let s = -410 - -426. Suppose h + s = -3*h, 3*d - h = 12526. Is d a prime number?
False
Let f = 245 - 258. Let y(p) = -83*p + 54. Is y(f) a prime number?
False
Let g be 3 + -7 - (-7)/((-7)/119636). Is -1 - (2/5)/(8/g) a composite number?
False
Suppose 3*x - 294959 = -0*p - 2*p, 0 = -x + 4*p + 98301. Is x a prime number?
True
Suppose 0 = 24*y - 27*y + 36. Suppose -2*n + y = -5*n. Is (-22209)/(-15) + n/(-10) a composite number?
False
Let p = 31966 - 9995. Is p a composite number?
True
Suppose -x + 17 = -t - 2*t, -5*t - 40 = -4*x. Is 54573/27 + 5/(90/t) prime?
False
Let c be -2 + ((-12)/(-30))/(2/10). Suppose -4*k - 1 + 9 = c. Suppose k*y - 613 = 39. Is y a composite number?
True
Is (9/6 + -1)/(54879591/(-4989054) - -11) a composite number?
True
Suppose -404895 - 1503891 = -22*p. Is p composi